**2 + 186*y - 3670. Let i be h(60). Suppose 1 - 11 = -n - 2*d, -2*n + d = -20. Calculate the greatest common divisor of n and i.
10
Suppose -3*m = q - 17, -6*m + 4*m - 4*q = -18. Suppose -3*j + 15 + 576 = 2*f, -1486 = -m*f + j. Calculate the highest common divisor of f and 189.
27
Suppose -59*b + 1471 = 232. Suppose -t + 5*u + 55 = 0, -3*t + 6 = -4*u - 115. What is the highest common factor of t and b?
7
Let k(a) = -6*a - 9. Suppose 2*p - 12 = 5*s + 35, -5*s - 3*p = 42. Let f be k(s). Calculate the greatest common divisor of f and 180.
45
Let n(f) = f. Let d(l) = 16*l + 24. Let k(y) = -2*d(y) + 18*n(y). Let m be k(-12). Suppose -m = -10*g + 6*g. Calculate the greatest common divisor of 210 and g.
30
Let l be (-17)/68*8 - (-1 - 1). Let o be 2/(-6) - (-1850)/6. Suppose -8*u - 36 + o = l. Calculate the highest common factor of u and 51.
17
Suppose 3*z - b - 2452 = 0, -3*b + 6*b = z - 828. Suppose -27*k + 10*k = -z. What is the greatest common divisor of k and 64?
16
Suppose 18*r + 539652 = 65*r - 117784. Calculate the highest common divisor of r and 52.
52
Let o be (1169/(-42)*-3)/(-2 + (-222)/(-108)). What is the highest common factor of 7849 and o?
167
Let h(d) = 657*d + 3383. Let y be h(-5). Suppose 0 = 6*s - 3*s - 42. Calculate the greatest common divisor of s and y.
14
Let c(j) = 3*j**2 + 42*j - 251. Let q be c(5). Calculate the highest common factor of 15963 and q.
17
Let c(w) = 2*w**2 - 78*w - 248. Let q be c(-3). Calculate the greatest common factor of 98 and q.
2
Suppose l - 99 = -521. Let t = 430 + l. Calculate the greatest common factor of t and 808.
8
Let l(v) be the second derivative of v**5/20 + v**4/2 + v**2/2 - 14*v - 2. Let s be l(-6). Calculate the greatest common factor of s and 4.
1
Let g(r) be the second derivative of -6*r**3 - 45*r**2/2 - 9*r + 1. Let l be g(-3). Calculate the highest common divisor of l and 14.
7
Let p be (3920/(-48))/((-4)/36). Suppose -5*f = -5*v - p, 135 = f - 91*v + 93*v. Calculate the greatest common divisor of 44 and f.
11
Suppose 154 = -n + 166. Suppose -5*m - 3*k = -3*m - 27, -3*m - 4*k + 42 = 0. What is the highest common divisor of m and n?
6
Suppose 4*v + d - 2098 = 0, 30*v - 35*v = -11*d - 2598. What is the greatest common factor of 4 and v?
4
Let d(q) = -q**2 + 18*q + 462. Let k be d(-12). What is the greatest common divisor of k and 2380?
34
Let p be ((-2472)/(-721))/(3/84*3). What is the greatest common factor of 2256 and p?
16
Suppose -21824 = -11*v - 0*v. Suppose 0*y = -8*y + v. What is the highest common divisor of y and 62?
62
Let r = 68 + -40. Suppose 19*c - 33*c = -r. Calculate the highest common factor of 31 and c.
1
Suppose w - 63 = 5*a, -194*a + 199*a = 2*w - 96. What is the greatest common factor of 99 and w?
33
Let r(o) = o**2 + 4*o. Let k be r(-4). Suppose -p + 3*n + 2*n = -5, k = -p - 4*n + 14. Let j = 30 - p. Calculate the highest common divisor of 50 and j.
10
Suppose 94229 = 441*d - 126768 - 21553. Calculate the greatest common factor of 462 and d.
22
Let p = 268 - 289. Let s be ((-2548)/p)/(8/12). Calculate the highest common divisor of 52 and s.
26
Suppose 169*c - 972709 = 668281. What is the greatest common factor of 30 and c?
10
Let d = -244 - -283. Suppose d*c = 27*c + 468. Let j(u) = -6*u**3 + 3*u + 3. Let q be j(-3). Calculate the greatest common divisor of c and q.
39
Let f(y) = -y**2 - 8*y + 88. Let i be f(-14). Suppose -i*h - 11 + 230 = m, -3*m = 2*h - 117. What is the greatest common divisor of 234 and h?
18
Let c = -42 + 306. Let w be ((-4 - -1) + -3)*-12. What is the highest common divisor of w and c?
24
Suppose 3*o = 6, 755*o - 750*o = -3*b + 283. Calculate the greatest common divisor of 1807 and b.
13
Let s be ((-130)/(-6))/((-1)/(-3)). Let u = 70 - s. Suppose 2 = -3*m - 4, 233 = u*t + m. What is the greatest common divisor of t and 235?
47
Let x(y) = 18*y**2 + 194*y + 28. Let c be x(-11). What is the highest common factor of c and 968?
8
Let a(u) = -5*u**2 - 9*u + 30. Let i be a(7). Let l = -200 - i. What is the highest common divisor of l and 104?
26
Let p be (-168)/((-10)/25*(4 - -1)). Calculate the highest common factor of 182 and p.
14
Let h = 234 - 232. Let p be -4 + (48/(-12))/(h/(-42)). What is the greatest common divisor of 60 and p?
20
Let k(g) = 2*g**2 + 22*g + 107. Let d be k(-5). Suppose d*o - 35904 = -o. Calculate the greatest common factor of 68 and o.
68
Suppose 0 = 20*n - 16*n - 96. Let m(g) = -g**2 + 23*g + 46. Let h be m(n). Calculate the greatest common divisor of 286 and h.
22
Let v be -5*((-10)/(-25) - 3). Let k(y) = 4 - y**2 + 10 + 2*y + 2*y**2 + v*y. Let h be k(-17). Calculate the highest common divisor of 32 and h.
16
Let h = -222 + 216. Let o be (h/18*3)/((-3)/36). Calculate the highest common factor of 24 and o.
12
Suppose 4*j = -0 + 8. Let w = -76 - -108. What is the greatest common divisor of w and j?
2
Suppose -13*z - 57 = -41 - 328. What is the greatest common factor of 150 and z?
6
Suppose -4*y + 5*i = -31, 4*y + 5*i - 5 + 4 = 0. Let d be y/(-18) - 924/(-27). What is the highest common factor of d and 34?
34
Let o(i) = -5*i**3 - 12*i**2 - i + 3. Let x be 6 + 0 + -7 + -2. Let w be o(x). What is the greatest common factor of 121 and w?
11
Let t be (1*3)/(30/5460). Suppose 25*w = 32*w - t. What is the highest common divisor of w and 18?
6
Suppose 3*c + 7*d + 1454 = 9*d, -2*c - 968 = -d. Let y = -452 - c. What is the greatest common divisor of y and 555?
15
Suppose 973 = 5*c - 661*u + 662*u, -594 = -3*c - 4*u. Calculate the greatest common factor of 60334 and c.
194
Let o = -52 + 55. Suppose b + 0*q - 13 = -5*q, -o*q = 2*b - 26. Let m = 54 + -28. What is the greatest common divisor of b and m?
13
Suppose 4*i - 4*l + 1283 - 1675 = 0, 5*l = -3*i + 310. Calculate the greatest common divisor of i and 1675.
25
Let k be (-16)/(-24)*(-132)/(-11). Let l be k/(-24) + (-40)/(-30). Suppose 1 + 19 = 4*r. Calculate the highest common factor of l and r.
1
Let z = 7863 - 7852. Let k(d) = 16*d + 9. Let n be k(7). Calculate the highest common divisor of n and z.
11
Let g = -3276 - -3279. Suppose -3 = 3*z, 5*z + 137 = 3*a + a. What is the greatest common factor of a and g?
3
Suppose -2*j - 5*k + 272 = -9*k, -2*j - 4*k = -296. What is the greatest common factor of j and 9514?
142
Let f = -618 - -606. Let o(m) = -m + 14 + 2*m + 6. Let i be o(f). What is the highest common factor of 32 and i?
8
Let q(k) = -k**3 - 15*k**2 + 40*k + 51. Let o be q(-16). Let m = -172 - o. Calculate the greatest common factor of 46 and m.
23
Let x = -198 - -210. Suppose 5*c - 1326 = -x*c. Calculate the greatest common divisor of 156 and c.
78
Suppose 38*l + 2475 = 35*l + 36*l. Let m = 27 + -12. Calculate the greatest common factor of m and l.
15
Let l be (-48)/9*39*2/(-4). Suppose 0 = 110*g - l*g - 90. Calculate the highest common factor of 20 and g.
5
Let r = -5383 - -5492. Calculate the highest common divisor of 763 and r.
109
Let j = 188 + -188. Suppose -5*a + c = -85, -2*a + j*c + 57 = -5*c. What is the greatest common divisor of 12 and a?
4
Suppose 2*m + 32 = 3*m. Let k be (-72)/(m/20 + -2). Let b be (24/(-5))/((-6)/k). What is the greatest common factor of b and 16?
16
Let i be (392/(-12))/(8/(-12)). Let f(d) = 46*d - 65. Let x be f(11). Calculate the highest common factor of x and i.
49
Suppose -2*f = -n + 7, -210*f - 15 = -205*f. What is the highest common factor of 49 and n?
1
Let m = -570 - -618. What is the highest common divisor of 7848 and m?
24
Let z be 3 + -2 + 4 + -4 + 10. Let k(s) = -8*s - 8 + z + 3. Let t be k(-3). What is the highest common divisor of 20 and t?
10
Let u = -37 - -62. Suppose 27*z - 184 = u*z. Suppose 5*x + m = 107, 4*x + 6*m - 2*m - z = 0. Calculate the highest common factor of x and 28.
7
Suppose -2*w = -0*t - 2*t + 126, -3*t + 183 = -5*w. Let o = 313 + -269. What is the highest common divisor of t and o?
22
Let g be -564*((-5)/3 + 2). Let q = g + 262. What is the greatest common factor of 37 and q?
37
Suppose -6*z + 5*y = -z - 9870, 0 = -5*z - y + 9900. Let j = -740 + z. What is the greatest common factor of j and 59?
59
Let k(g) = -g**3 + 117*g**2 + 10*g - 705. Let w be k(117). What is the greatest common factor of w and 93?
93
Let p = -640 + 708. What is the highest common divisor of 17476 and p?
68
Let v(g) = g**2 - 7*g - 26. Let x 